2 + 46457?
46455
In base 9, what is -15881056 + 3?
-15881053
In base 14, what is 19c + -11a9?
-100b
In base 10, what is -1194 + -6702?
-7896
In base 10, what is -2 - 9804331?
-9804333
In base 6, what is -11401 + -113311?
-125112
In base 11, what is 5650760 - 0?
5650760
In base 2, what is -1000000110 - 10101001100000110?
-10101010100001100
In base 16, what is -552bb3 + 5?
-552bae
In base 4, what is 13311320222210 - -10?
13311320222220
In base 9, what is 4533401 - 1?
4533400
In base 9, what is 51 + 315363?
315424
In base 8, what is -4012 - 12217?
-16231
In base 4, what is 0 + 130233012110?
130233012110
In base 2, what is 10111110100000000011 - 1010101?
10111110011110101110
In base 3, what is -121221100021210122 - -12?
-121221100021210110
In base 15, what is -592 + 4b32?
4590
In base 2, what is 110001111100010111011000101 + -11?
110001111100010111011000010
In base 4, what is -3011220 + 302?
-3010312
In base 10, what is 78 + 504794?
504872
In base 11, what is 2 + 361092a?
3610931
In base 9, what is 2330382 - -15?
2330407
In base 8, what is 6451726 + 6?
6451734
In base 3, what is 100210121 - -2112211?
110100102
In base 7, what is -26 + 14362252?
14362223
In base 8, what is 1140747 - -72?
1141041
In base 16, what is -2a1962 + 1?
-2a1961
In base 15, what is -9cbbe3 + -1b?
-9cbc0e
In base 13, what is -1251a0a - -ac?
-125192b
In base 5, what is -121010 - -231134?
110124
In base 11, what is 7714 + -4a83?
2741
In base 11, what is 8537 + -594?
7a53
In base 3, what is 1101021112102021 + -121?
1101021112101200
In base 11, what is a344 + -155a?
8895
In base 3, what is 102 - 1000212000221?
-1000212000112
In base 14, what is 10dc6 + 28?
11010
In base 4, what is 123313101 - -1031102?
131010203
In base 15, what is 1 - 4dd84b?
-4dd84a
In base 14, what is -7c51 + -15a77?
-1d8c8
In base 5, what is -414341 - -3034?
-411302
In base 14, what is -3 - -2cda94?
2cda91
In base 13, what is -488090 + 182?
-487c0b
In base 3, what is 2 - 20112202101222222?
-20112202101222220
In base 9, what is 7 - -8865507?
8865515
In base 3, what is -12220211 + -102102000?
-122022211
In base 10, what is 48 - -28037?
28085
In base 9, what is 4 + -186081574?
-186081570
In base 13, what is 120c67b - 1b?
120c660
In base 14, what is -9c8918 - -4?
-9c8914
In base 6, what is 441 + 5333332?
5334213
In base 5, what is 231020 - 113320?
112200
In base 2, what is 11 + 100001010111111101111?
100001010111111110010
In base 14, what is -b - 20a68?
-20a75
In base 2, what is -1100000110110101000 + 1100100?
-1100000110101000100
In base 11, what is -47745 - 54?
-47799
In base 11, what is -115 + -535840?
-535955
In base 11, what is 3 + -2574826?
-2574823
In base 11, what is 121aa8 - -35?
122032
In base 2, what is 11001111100001111011001 + 11?
11001111100001111011100
In base 5, what is 0 - 112204003231?
-112204003231
In base 7, what is 616 - -1111525?
1112444
In base 3, what is -10020 - 200021011011?
-200021021101
In base 3, what is 101002210 - 121020?
100111120
In base 5, what is 3132311 - -40402?
3223213
In base 12, what is 163020 - -122?
163142
In base 2, what is -1100010 - -11110110111110100?
11110110110010010
In base 14, what is -c - 155d17?
-155d25
In base 15, what is 6 + -4ebced3?
-4ebcecc
In base 5, what is 11210 + -2023014?
-2011304
In base 9, what is -16 - 15752810?
-15752826
In base 15, what is -177c9d2d + -2?
-177c9d30
In base 12, what is 4 - 387338?
-387334
In base 2, what is -1000001010001 - -11101110111100?
10101101101011
In base 15, what is -194ab0 + -d?
-194abd
In base 4, what is 10 + 10102123202?
10102123212
In base 3, what is 221121212 - -21222?
221220211
In base 16, what is -79f9 + -6fb?
-80f4
In base 3, what is 1110021122110110110 - 11?
1110021122110110022
In base 3, what is -22012220 + 1102222?
-20202221
In base 9, what is -33878 + -2156?
-36145
In base 5, what is 11424212434 + -112?
11424212322
In base 12, what is b836 + -579?
b279
In base 13, what is 1776 - -394?
1b3a
In base 6, what is -3 - 4300150?
-4300153
In base 2, what is 10000000 - -101110000100110?
101110010100110
In base 8, what is 216755312 - 2?
216755310
In base 11, what is -4 - -10a8803?
10a87aa
In base 7, what is 30314 - 14061?
13223
In base 3, what is 10010222211 - 11002?
10010211202
In base 10, what is -279614 + -30?
-279644
In base 4, what is 203 - -1113331320203?
1113331321012
In base 7, what is -1 + 202442265?
202442264
In base 2, what is 10001100011101010 - 11110000100?
10001000101100110
In base 8, what is 13462 + -265?
13175
In base 2, what is -10000100000001101 - 1111000?
-10000100010000101
In base 9, what is 7023126 - -5?
7023132
In base 11, what is a846103 - -5?
a846108
In base 10, what is -3471 - 2105?
-5576
In base 3, what is 10221110010 + 12?
10221110022
In base 16, what is -1016689c - 4?
-101668a0
In base 14, what is -708 + 4c990?
4c286
In base 13, what is 23 + 847c690?
847c6b3
In base 13, what is -3c875 + -240?
-3cab5
In base 16, what is -381b9a + 3?
-381b97
In base 12, what is 12224 + -11330?
ab4
In base 2, what is -100111100001011001 + 110110110?
-100111011010100011
In base 16, what is -8e9e5 - 23?
-8ea08
In base 4, what is -11203331 - 10032?
-11220023
In base 3, what is 111122200221121 - -10?
111122200221201
In base 8, what is 21114 + -6435?
12457
In base 5, what is -312420433 - 1103?
-312422041
In base 8, what is -10504244 + 2?
-10504242
In base 5, what is 13140 + -1133323?
-1120133
In base 16, what is -28f - 9595?
-9824
In base 3, what is -21010200122120 - 2?
-21010200122122
In base 4, what is -1123112133 - -123320?
-1122322213
In base 6, what is 201300235 + 25?
201300304
In base 11, what is 2473a23 - 59?
2473975
In base 11, what is -59a98 - -43?
-59a55
In base 6, what is -51533 - -1442?
-50051
In base 8, what is -47773 + 34224?
-13547
In base 12, what is 826975 + -9?
826968
In base 3, what is 11 - 201120120001022?
-201120120001011
In base 6, what is 1025535032 - -4?
1025535040
In base 11, what is -9359a + -3362?
-96951
In base 4, what is -30002201 - -2103131?
-21233010
In base 6, what is -12140500245 - -11?
-12140500234
In base 12, what is -3 - -599861?
59985a
In base 10, what is 59 - -148926?
148985
In base 13, what is -12cc + a9?
-1223
In base 6, what is -2025 - 1041441?
-1043510
In base 10, what is -16385916 - -1?
-16385915
In base 6, what is 100304354 + 213?
100305011
In base 15, what is -15 + 6349?
6334
In base 5, what is 4 - 4030110142?
-4030110133
In base 6, what is 0 - -345234141?
345234141
In base 6, what is -1415 + 3211400?
3205541
In base 12, what is -1803306 + -2a?
-1803334
In base 15, what is b3b4 - -613?
b9c7
In base 13, what is -3955c7b - 5?
-3955c83
In base 11, what is 1006 + 309?
1314
In base 3, what is 2 + -2201201201020?
-2201201201011
In base 2, what is -10110101111100 + 10000000000111?
-110101110101
In base 14, what is 0 - 128362a?
-128362a
In base 7, what is -3261 - 61253?
-64544
In base 12, what is -73b4518 + 2?
-73b4516
In base 9, what is 12521110 - 10?
12521100
In base 3, what is 1112000021 - 10201200?
1101021121
In base 6, what is -4120530 + 35?
-4120451
In base 3, what is -21201220000 - -110?
-21201212120
In base 12, what is -ba12 - -343b?
-8593
In base 4, what is 33 + -1323033033?
-1323033000
In base 14, what is 80737b1 + 0?
80737b1
In base 13, what is -757284 - 57?
-75730b
In base 3, what is 2011121221201 - -12212?
2011122011120
In base 13, what is b - 51b5533?
-51b5525
In base 9, what is -1845646 + 11?
-1845635
In base 14, what is -1b86 + -33c9?
-5171
In base 12, what is -13428bb1 - 0?
-13428bb1
In base 5, what is -110 - -124123020?
124122410
In base 5, what is -142014104 - -1142?
-142012412
In base 4, what is 233 + 22200130033?
22200130332
In base 9, what is -810 + 31237?
30327
In base 5, what is 4 + -2024301044?
-2024301040
In base 14, what is -29110 + d?
-29101
In base 6, what is 41030 + 142500?
223530
In base 4, what is -1103230 - -30311?
-1012313
In base 15, what is 2a + 44430d?
444338
In base 2, what is 11 + 10011110101000101001011?
10011110101000101001110
In base 7, what is 5 - -10165200?
10165205
In base 16, what is -124bbc8 - -6?
-124bbc2
In base 6, what is 104 - -2345501003?
2345501111
In base 6, what is -22012 - -31455?
5443
In base 13, what is 1a + 14936c2?
149370c
In base 13, what is -b301451 + 5?
-b301449
In base 3, what is 1001110012 + -10110121?
220222121
